ime number?
True
Let n(t) = 898*t**2 + 4*t - 4. Is n(1) a prime number?
False
Let i(k) = 2*k**2 - 7*k + 1. Let a be 50/6 - (-1)/(-3). Suppose -4*y - 5*q + 19 = -a*y, 4*y - 2*q = -22. Is i(y) prime?
False
Let u be 12/30 + 56/10. Is (-9708)/(-20) + u/(-15) composite?
True
Suppose -36730 = -31*n + 6391. Is n composite?
True
Let h(z) = -3*z**3 + 9*z**2 - 5*z + 18. Is h(-11) prime?
False
Let m(k) = -k + 3. Let u be m(-8). Let c(b) = -8*b - 8. Let o be c(6). Let l = u - o. Is l prime?
True
Suppose b = -5*c - 58, 4*c + 3*b + 17 = -25. Let o(g) = -2*g - 2. Let j(x) = -8*x - 8. Let t(f) = -2*j(f) + 9*o(f). Is t(c) composite?
True
Let u(v) = v + 3. Let t be u(-3). Suppose t*m + 3*w - 12 = -m, 14 = 4*m - 5*w. Let c(g) = 2*g**3 - 10*g**2 + 9*g - 5. Is c(m) a composite number?
True
Suppose 2*f - 10 = -0*f. Suppose 0 = f*q + 5, 3*q + 105 + 33 = -5*z. Is (-92)/(-3) - 9/z prime?
True
Let k = -118 - -18. Is (-5)/(k/(-12)) + 418/5 prime?
True
Let s(q) = q**3 + 11*q**2 - 2*q + 7. Let c be s(-10). Is ((-75)/3)/(-5)*c a prime number?
False
Let y(j) be the first derivative of -5*j**4/4 - 2*j**3/3 + 7*j**2/2 + 5*j - 3. Is y(-4) a composite number?
True
Suppose -8 = -4*o + 5*y - 2, 2*o - y - 6 = 0. Let v be 2/(-4)*o + -1. Is -35*((0 - -2) + v) composite?
True
Let u be 1 - (-4)/((-12)/(-1035)). Let t = u - 219. Is t a composite number?
False
Let j be 1/(7/(-1194))*-7. Suppose 4*o = -2*o + j. Is o a composite number?
False
Is ((-1)/(-4))/(97/85496188) prime?
True
Let v(y) = -y**3 + 2*y**2 + 2*y + 4. Let m be v(3). Let l(q) = 6 + 2*q + 8*q - m + 2*q. Is l(9) a composite number?
False
Let t be (-87)/(-27) - (-12)/(-54). Suppose t*u + 0*o - 316 = -2*o, 110 = u - 4*o. Is u composite?
True
Suppose g = -x + 14944, 4*g - 5*x + 59781 = 8*g. Is g prime?
True
Is (-6)/(-72) + 20663688/288 composite?
True
Let y = 18 - 37. Let h = 35 - y. Let z = 5 + h. Is z prime?
True
Let r be (5 - 22)/((-4)/112). Let q = r + -327. Is q prime?
True
Let k = -1 - -6. Suppose -k*o + o + 7924 = 0. Is o a prime number?
False
Is (-420)/168*(6702/(-10) - 1) prime?
False
Suppose 3*v - 4 = 2*i - 2, 0 = 4*i - 3*v + 4. Is -7*((-1 - -1) + 23)*i prime?
False
Let z = -16 + 16. Suppose -2*n + 647 - 195 = z. Is n composite?
True
Let d(a) = -3*a + 3*a**3 - 2*a**3 - 7*a**2 + 1 - 11 - 4*a. Let b be d(8). Is 10689/14 - b/(-4) a composite number?
True
Let h(f) = -22*f**3 + f**2 + 4*f + 3. Let j be h(-2). Suppose 4 = 4*q, 2*c + 5*q - j = 492. Is c a prime number?
True
Suppose 10*x - 14*x - 12 = 0. Let c = 3 + x. Suppose -u + 4 = c, -3*u = -4*a - 4*u + 1272. Is a a composite number?
False
Let u be (2 - 1)/(1/7). Suppose -5*g + 2*j = u, 3*g + 0 = 5*j + 11. Is g/(-9)*(54 - -3) prime?
True
Let s(y) = 10*y**3 - 9*y - 6. Let g(d) = 10*d**3 + d**2 - 10*d - 6. Let r(w) = 5*g(w) - 6*s(w). Is r(-5) prime?
True
Suppose c - 2176 - 2499 = -3*y, 5*c = -3*y + 23423. Suppose 4*b - c = -3*t - 1330, 3*b - 2237 = -2*t. Is t composite?
False
Suppose 0 = -3*g + z + 9878, g - 473 = -4*z + 2824. Is g a prime number?
False
Suppose -11052 + 33676 = 32*z. Is z composite?
True
Suppose -3*n + 14428 = 97. Is n prime?
False
Suppose 2*p = -16*p + 36. Is (-15)/(-10) + 5169/6 + p a prime number?
False
Let t(b) = -26*b - 193. Is t(-31) prime?
True
Let v(g) be the second derivative of 2*g**4/3 - g**3/3 - 11*g**2/2 - 20*g. Is v(-5) a prime number?
True
Let q be (27/9)/((-3)/(-9)). Suppose -q*t - 1107 = -9252. Is t composite?
True
Let l(j) = 45*j + 3. Let f be 4/10 + (-189)/35. Let w = f - -7. Is l(w) a prime number?
False
Suppose -8*y + 75548 = 6796. Suppose 13*g = -2445 + y. Is g composite?
True
Let g(n) = -10*n**3 - 18*n + 16. Let s(w) = 7*w**3 + 12*w - 11. Let a(k) = -5*g(k) - 7*s(k). Let z be a(6). Let x = -122 + z. Is x a composite number?
False
Let d be (18 + 3)*(-121)/(-3). Let n = 403 - 127. Let q = d - n. Is q a prime number?
True
Is (1*166)/((-6)/2 + 5) prime?
True
Suppose -2*b - 13*c + 5238 = -18*c, 12 = -3*c. Is b composite?
False
Let d(c) = 27*c**2 + 2*c - 2. Suppose 8 = 5*z - 47. Let v(y) = -y + 8. Let h be v(z). Is d(h) composite?
True
Is (-1 - 78)*(-61 + 0 + -6) a prime number?
False
Suppose 0 = 2*f - 3493 - 2349. Is f prime?
False
Suppose 0 = -2*c + 5063 + 335. Is c composite?
False
Let q(a) = 22*a**3 - a**2 - 2*a + 2. Let b be q(3). Suppose -57*g - 15 = -62*g. Suppose 4*h + h = 4*k - b, 4*k - 587 = g*h. Is k a composite number?
False
Is ((-346)/(-8))/(8 - 63/8) composite?
True
Let g(q) = -196*q**2 + 3*q + 3. Let m be g(2). Let c = -234 - m. Is c a prime number?
True
Let m(v) = -v - 8. Let f be m(-12). Is f/(-6) - (-1532)/12 a composite number?
False
Suppose -x - 434 = -5*s - 2201, 0 = -2*x - 5*s + 3519. Is x composite?
True
Is (12026/(-4) - 8)*-2 composite?
False
Suppose 4*k + 3*f = 0, -4*f - 1 - 12 = k. Let s = 53 - k. Suppose -v + s = -107. Is v composite?
False
Let n = -1949 + 3060. Is n a composite number?
True
Let c(i) = -20*i - i**3 + 76*i**2 - 11 - 19*i**2 - 41*i**2. Is c(10) composite?
False
Suppose 0 = 4*g + 32 + 244. Let u(f) = -f**3 - 18*f**2 + f - 12. Let x be u(-18). Let r = x - g. Is r composite?
True
Suppose -5*h + 2*t = 3*t - 124, 40 = 2*h - 2*t. Is (-7167)/2*h/(-36) a prime number?
True
Let d = 35 - 17. Let g be (27/d)/(6/52). Suppose l = -2*b + g, 2*l + 2*b - 7 = 29. Is l a composite number?
False
Suppose 0 = -4*a + 2*x - x + 345867, 3*x = 3*a - 259398. Is a composite?
False
Let t(q) = -13437*q + 29. Is t(-2) prime?
True
Let p be 24605/15 - 6/(-9). Let z = p - 924. Suppose 3*i - 84 = z. Is i a composite number?
True
Let j(s) = 6*s + 6. Let k be j(6). Let n = 188 - k. Is n prime?
False
Is (-212478)/(-4) - (-13)/104*12 prime?
False
Let w = -7 + 13. Let q(p) = -p**3 + 11*p**2 + 2*p - 7. Is q(w) a composite number?
True
Let h(g) = g + 1. Let x be (-4)/6 + 22/6. Let v be h(x). Suppose 91 = v*f - 3*c, -f + 2*c + 2*c = -26. Is f a prime number?
False
Is (2/((-6)/(-9)))/((-3)/(-4406)) prime?
False
Let o(x) = -x**3 - 10*x**2 - 10*x - 10. Let h be 37/(-4) + (-3)/(-12). Let b be o(h). Is 0 - -39 - b - 3 a composite number?
False
Let d = 10 + -12. Let a be d/(-4) + (-803)/(-22). Is (3 - (-2 - 0))*a a prime number?
False
Suppose 0 = 163*o - 158*o - 25. Suppose f - 334 = -o*i, 4*f + 0*f = 3*i - 205. Is i prime?
True
Suppose -o - 3*q = -6*q - 69, -5*q = -4*o + 262. Is (-6)/21 + 5247/o a composite number?
False
Suppose 3*d + 5*i = 26906 - 8199, 3*i = -6. Is d a prime number?
False
Suppose -2*y = -80234 - 107420. Is y a composite number?
False
Let p = -4098 - -8107. Is p a prime number?
False
Is 26/65 + 11698/5 - 5 a composite number?
True
Let v(k) = -844*k - 105. Is v(-7) prime?
False
Suppose 0 = -3*d + 15, 3*o + 5*d = -o + 5389. Suppose -o = -4*z + z. Is z prime?
False
Let i(d) = 7*d**3 + 6*d**2 - 4*d - 10. Is i(11) prime?
False
Suppose 1645 = m + 3*j, 3*m = -m + 2*j + 6566. Suppose k + k - m = 0. Is k a prime number?
True
Let m = 17 - 10. Let i(s) = 29*s**2 - 6*s - 6. Is i(m) a prime number?
True
Let j(r) = -116*r**3 - 5*r**2 - 7*r - 3. Is j(-4) a prime number?
True
Let x(a) = -2*a**3 + 4*a**2 + 27*a + 23. Is x(-10) composite?
False
Let z be 2495/(-1 - (2 - 2)). Let n = z - -5482. Is n a prime number?
False
Suppose -5*y - 219 = -49. Is 6/(-2) - 20*y prime?
True
Let l(c) = -c. Let m be 13 + (-4)/(-2) - 3. Let f be 1/(4 - 52/m). Is l(f) a composite number?
False
Suppose 494254 = 106*v - 159342. Is v a prime number?
False
Suppose -8*s = -76319 - 44697. Is s prime?
False
Let z = 1737 + 1591. Suppose -2*m = -2818 - z. Is m prime?
False
Suppose -3606 = -2*w - v + 5*v, 3*v = -4*w + 7212. Is w a composite number?
True
Let f(s) = s**2 + 3*s - 4. Let a be f(3). Suppose -15*u = -a*u - 74. Is u prime?
False
Suppose 9 - 30 = -3*v. Suppose -3*h = 3, 2*h + h = 3*x - 6. Is (-5)/x*(-4 - v) prime?
False
Let q(t) = t**3 + 2*t**2 - 8*t + 7. Let u be q(-5). Let z = -112 - -18. Is (-2)/((-16)/u)*z a composite number?
True
Let s = -11 - -7. Is s/(-14) - 15170/(-70) prime?
False
Let l = -70672 - -104691. Is l prime?
True
Let p = 14 + 5. Let f(a) = a**2 + 10*a + 49. Let z be f(-15). Let i = z + p. Is i a prime number?
False
Suppose -4*v = -2*v - l - 8, -3*l + 16 = 2*v. Suppose -401 = -v*i + 214. Let k = i - 86. Is k composite?
False
Is (3568/56)/((-22)/(-847)) prime?
False
Let v(f) = -5*f + 17*f + 4 + 1 + 5*f**2 - 5*f. Is v(-4) composite?
True
Suppose